factor of 13221933 and 183?
183
Calculate the highest common divisor of 1135 and 9085.
5
What is the greatest common divisor of 71330 and 140?
70
What is the highest common divisor of 56 and 681016?
56
Calculate the highest common divisor of 200646 and 342.
18
Calculate the greatest common factor of 10036 and 676.
52
Calculate the highest common factor of 63 and 27875925.
63
What is the greatest common divisor of 1216 and 32509?
19
What is the highest common divisor of 777 and 130277?
259
Calculate the greatest common factor of 748 and 764388.
68
What is the greatest common divisor of 49664 and 9728?
512
Calculate the highest common divisor of 43450 and 165.
55
What is the highest common divisor of 207 and 53?
1
What is the highest common factor of 1673 and 278435?
239
What is the greatest common factor of 35130 and 30?
30
Calculate the greatest common factor of 513 and 1368000.
171
What is the highest common factor of 310 and 143716?
62
What is the highest common divisor of 4816 and 581016?
344
Calculate the highest common divisor of 562524 and 60.
12
Calculate the highest common divisor of 257607 and 42.
21
Calculate the highest common factor of 2486 and 15142.
226
What is the highest common factor of 21444 and 768?
12
What is the greatest common divisor of 407 and 9020?
11
What is the highest common divisor of 26649 and 126?
63
Calculate the greatest common factor of 36 and 12816.
36
What is the greatest common divisor of 14597 and 2123?
11
What is the greatest common factor of 98431 and 25443?
257
What is the highest common factor of 9 and 1448631?
9
Calculate the highest common factor of 61724 and 312.
52
What is the greatest common factor of 927 and 7704?
9
Calculate the highest common divisor of 100285 and 124.
31
What is the highest common divisor of 4048 and 31856?
176
Calculate the highest common factor of 150192 and 3402.
126
Calculate the greatest common divisor of 1152 and 25632.
288
Calculate the highest common factor of 756940 and 140.
20
What is the highest common factor of 1612 and 7812?
124
What is the highest common factor of 43977 and 642?
321
What is the highest common divisor of 1515 and 185739?
303
What is the greatest common divisor of 1163661 and 4044?
1011
Calculate the highest common factor of 99477 and 63.
63
Calculate the greatest common divisor of 6 and 229032.
6
Calculate the greatest common factor of 54 and 104274.
54
Calculate the highest common factor of 1860 and 2870.
10
What is the greatest common factor of 85 and 1955?
85
Calculate the greatest common factor of 12360 and 653432.
824
Calculate the greatest common factor of 24 and 275496.
24
What is the greatest common divisor of 820 and 81590?
410
Calculate the highest common divisor of 3682 and 5068.
14
Calculate the greatest common divisor of 12282 and 1173.
69
What is the highest common divisor of 6 and 427551?
3
Calculate the highest common factor of 9261 and 36.
9
What is the greatest common divisor of 48 and 481956?
12
Calculate the highest common factor of 2201 and 3266.
71
What is the highest common factor of 143 and 247390?
143
What is the highest common factor of 5 and 12933570?
5
What is the highest common factor of 7 and 451556?
7
Calculate the greatest common factor of 2720 and 33065.
85
What is the greatest common factor of 63 and 1262385?
9
Calculate the highest common factor of 12780 and 55.
5
Calculate the highest common divisor of 552 and 3701298.
138
Calculate the highest common divisor of 11352 and 16632.
264
Calculate the greatest common factor of 212037 and 3381.
483
Calculate the highest common factor of 20 and 647410.
10
What is the greatest common factor of 1494 and 369?
9
What is the greatest common factor of 6 and 58752?
6
Calculate the greatest common factor of 19323 and 138651.
339
Calculate the greatest common divisor of 100 and 3393050.
50
Calculate the highest common divisor of 270 and 38790.
90
Calculate the highest common divisor of 2064 and 219945.
129
Calculate the greatest common divisor of 8670639 and 471.
471
Calculate the greatest common divisor of 146286 and 77.
7
What is the highest common divisor of 60765 and 375?
15
What is the greatest common factor of 2618 and 7238?
154
What is the highest common divisor of 367488 and 2233?
319
What is the greatest common factor of 150876 and 36?
36
Calculate the highest common factor of 93 and 219356.
31
What is the highest common divisor of 5566 and 1472?
46
What is the highest common factor of 32000 and 2368?
64
What is the greatest common factor of 354 and 20001?
177
Calculate the greatest common divisor of 1731 and 2043157.
577
Calculate the highest common divisor of 4201368 and 4.
4
What is the greatest common factor of 3764268 and 1116?
1116
Calculate the highest common divisor of 112 and 48328.
56
What is the greatest common divisor of 5558 and 1050?
14
What is the greatest common divisor of 848171 and 23?
23
Calculate the greatest common divisor of 336 and 1602944.
112
Calculate the highest common factor of 68 and 58718.
34
Calculate the highest common factor of 1744390 and 190.
190
Calculate the highest common factor of 28 and 1656620.
28
What is the highest common divisor of 64 and 1686544?
16
Calculate the greatest common factor of 245 and 12215.
35
What is the greatest common divisor of 195797 and 133?
7
What is the greatest common factor of 10512 and 45?
9
Calculate the greatest common divisor of 176968 and 1408.
88
What is the highest common factor of 126 and 216146?
14
Calculate the highest common divisor of 17 and 314449.
17
What is the highest common factor of 306934 and 1118?
86
What is the highest common divisor of 133295 and 265?
265
Calculate the greatest common divisor of 198922 and 1106.
158
What is the highest common divisor of 2520 and 23310?
630
Calculate the highest common divisor of 47403 and 6.
3
What is the greatest common divisor of 501576 and 180?
12
Calculate the highest common factor of 2996 and 12626.
214
What is the greatest common factor of 1104 and 91888?
16
Calculate the highest common factor of 73 and 707881.
73
Calculate the greatest common divisor of 3198 and 58.
2
What is the highest common divisor of 871800 and 600?
600
Calculate the highest common divisor of 72 and 3064.
8
Calculate the highest common factor of 784250 and 2000.
250
What is the highest common factor of 28812 and 2940?
588
Calculate the highest common divisor of 54125 and 250.
125
Calculate the greatest common factor of 510 and 8205.
15
Calculate the highest common factor of 30723 and 855.
57
Calculate the greatest common divisor of 135 and 309000.
15
Calculate the greatest common factor of 24081 and 345.
69
What is the greatest common divisor of 36 and 5625?
9
What is the greatest common divisor of 3422 and 1624?
58
What is the greatest common divisor of 364172 and 7964?
724
Calculate the greatest common divisor of 14336 and 4816.
112
What is the highest common divisor of 1276 and 37796?
44
What is the greatest common factor of 39054 and 966?
138
What is the greatest common divisor of 254 and 1152398?
254
What is the highest common factor of 5106008 and 8?
8
What is the highest common divisor of 14 and 79765?
7
Calculate the highest common factor of 25014 and 704.
22
What is the highest common divisor of 596658 and 718?
718
What is the greatest common factor of 81 and 86103?
81
What is the highest common factor of 13855 and 6800?
85
What is the highest common divisor of 10236 and 33?
3
What is the greatest common factor of 399745 and 31?
31
What is the highest common divisor of 5653340 and 154?
154
Calculate the highest common factor of 22638 and 4704.
294
What is the highest common factor of 874 and 2356?
38
Calculate the highest common factor of 156 and 1807.
13
What is the highest common factor of 4634081 and 76?
19
Calculate the greatest common factor of 585990 and 1275.
255
What is the greatest common divisor of 45 and 578727?
9
What is the greatest common divisor of 3128 and 49657?
391
What is the greatest common factor of 17947 and 30523?
131
What is the greatest common divisor of 403 and 57474?
31
What is the highest common divisor of 2573 and 5312?
83
What is the highest common divisor of 378444 and 15?
3
Calculate the greatest common factor of 409 and 96